{"id":29,"date":"2017-02-08T09:26:00","date_gmt":"2017-02-08T09:26:00","guid":{"rendered":"http:\/\/temp.hannekewesterop.nl\/?page_id=29"},"modified":"2024-03-25T10:33:43","modified_gmt":"2024-03-25T10:33:43","slug":"timemanagemen","status":"publish","type":"page","link":"https:\/\/hannekewesterop.nl\/?page_id=29","title":{"rendered":"Timemanagement"},"content":{"rendered":"<h2><strong><span style=\"color: #ff6600;\">Cursus Timemanagement<\/span><\/strong><\/h2>\n<p><span style=\"font-size: 10pt;\"><em><strong><span style=\"color: #ff6600;\">&#8220;Als je accepteert dat werkdruk er altijd zal zijn, zal het er ook altijd zijn.<br \/>\n<\/span><\/strong><strong><span style=\"color: #ff6600;\">Als je weet wat meer rust zowel jezelf als het bedrijf oplevert, maak je andere keuzes&#8221;<\/span><\/strong><\/em><\/span><\/p>\n<p><strong>Herken je \u00e9\u00e9n of meerdere van de volgende situaties?<\/strong><\/p>\n<ul>\n<li>vroeger waren er drukke en rustige periodes, nu zijn er vooral drukke en n\u00f3g drukkere periodes<\/li>\n<li>je denkt net iets te vaak: veel werk kan ik goed aan, maar z\u00f3 veel werk is niet leuk meer<\/li>\n<li>je bent geregeld ontevreden over wat je hebt gepresteerd, terwijl je w\u00e9l de hele dag druk bezig was<\/li>\n<li>je komt onvoldoende toe aan zaken, die je belangrijk vindt<\/li>\n<li>je hebt onvoldoende tijd om met sommige medewerkers in gesprek te gaan<\/li>\n<li>door tijdsdruk reageer je niet altijd even tactisch<\/li>\n<li>je realiseert je dat je m\u00e9\u00e9r uit je mensen zou kunnen halen als je meer tijd aan hen zou besteden<\/li>\n<\/ul>\n<p>\u00f3f je hebt niet zo zeer last van drukke en n\u00f3g drukkere periodes, maar je denkt wel dat jouw &#8216;organisatie eigen werk&#8217; sterker en beter kan: je vergeet afspraken of je werkt voor je eigen gevoel niet echt effici\u00ebnt en wil graag kijken hoe je dit anders kunt aanpakken.<\/p>\n<p><strong><br \/>\nTijdens de cursus Timemanagement krijg je de handvatten \u00e9n de begeleiding, die nodig zijn om met meer gemak en plezier om te gaan met drukke periodes op het werk en om jouw &#8216;organisatie eigen werk&#8217; te verbeteren<\/strong><br \/>\nDoor de cursus krijg je beter zicht op:<\/p>\n<ul>\n<li>hoe je nu omgaat met drukke periodes op het werk<\/li>\n<li>wat de kracht en zwakte is van je huidige manier van werken<\/li>\n<li>wat je anders zou kunnen doen in jouw specifieke situatie<\/li>\n<li>welke concrete stappen je kunt zetten om dit te bereiken<\/li>\n<li>individuele begeleiding om deze stappen daadwerkelijk te zetten<\/li>\n<\/ul>\n<p><strong>Wat levert de cursus je op?<\/strong><\/p>\n<ul>\n<li>met meer gemak en plezier leiding te geven tijdens drukke periodes<\/li>\n<li>een sterkere organisatie eigen werk<\/li>\n<li>meer rust, minder stress<\/li>\n<li>medewerkers, die minder fouten maken en beter (samen)werken<\/li>\n<\/ul>\n<p>Kortom: betere resultaten omdat je zelf beter overzicht houdt, je effectiever werkt en in staat bent je rust te bewaren<\/p>\n<p><strong><br \/>\nDeelnemers<\/strong><br \/>\nDeze cursus is bestemd voor leidinggevenden uit de agrarische sector, die<br \/>\n&#8211; willen leren om in de huidige tijd effectiever en met meer gemak om te gaan met de drukke periodes op het werk<br \/>\n&#8211; hun &#8216;organisatie eigen werk&#8217; willen versterken.<\/p>\n<p><strong>De cursus bestaat uit:<\/strong><\/p>\n<ul>\n<li>een telefonisch intakegesprek om te bepalen of deze cursus iets voor je is<\/li>\n<li>een cursusbijeenkomst, waarin elke deelnemer werkt aan een persoonlijk plan<\/li>\n<li>individuele begeleiding bij het in praktijk brengen van de eigen plannen<\/li>\n<li>twee intervisiebijeenkomsten, waarin geleerd wordt van elkaars ervaringen<\/li>\n<\/ul>\n<p>De cursus kan incompany of individueel bij mij worden gevolgd. Er zijn dus geen open-inschrijfgroepen. Data worden in overleg met elkaar bepaald.<\/p>\n<p>Heb je interesse of behoefte aan meer informatie, dan kun je mailen naar:<span style=\"color: #ff6600;\"> <a style=\"color: #ff6600;\" href=\"mailto:info@hannekewesterop.nl\">info@hannekewesterop.nl<\/a><\/span><\/p>\n<p><strong><b>Certificaat<br \/>\n<\/b><\/strong>Deelnemers ontvangen een certificaat van deelname, wanneer zij minimaal 80% van de cursustijd aanwezig zijn geweest.<\/p>\n<p><strong>Kosten<\/strong><br \/>\n\u20ac 775,00 exclusief btw<\/p>\n<p><strong><br \/>\nSubsidie<\/strong><br \/>\nDeze cursus komt <em>niet<\/em> in aanmerking voor subsidie via het Colland of het GF-groothandelsfonds.<\/p>\n","protected":false},"excerpt":{"rendered":"<p>Cursus Timemanagement &#8220;Als je accepteert dat werkdruk er altijd zal zijn, zal het er ook altijd zijn. Als je weet wat meer rust zowel jezelf als het bedrijf oplevert, maak je andere keuzes&#8221; Herken je \u00e9\u00e9n of meerdere van de volgende situaties? vroeger waren er drukke en rustige periodes, nu zijn er vooral drukke en n\u00f3g drukkere periodes je denkt net iets te vaak: veel werk kan ik goed aan, maar z\u00f3 veel werk is niet leuk meer je bent geregeld ontevreden over wat je hebt gepresteerd, terwijl je w\u00e9l de hele dag druk bezig was je komt onvoldoende toe &#8230; <a title=\"Timemanagement\" class=\"read-more\" href=\"https:\/\/hannekewesterop.nl\/?page_id=29\" aria-label=\"Meer op Timemanagement\">Lees meer&#8230;<\/a><\/p>\n","protected":false},"author":3793,"featured_media":0,"parent":0,"menu_order":0,"comment_status":"closed","ping_status":"closed","template":"","meta":{"generate_page_header":""},"_links":{"self":[{"href":"https:\/\/hannekewesterop.nl\/index.php?rest_route=\/wp\/v2\/pages\/29"}],"collection":[{"href":"https:\/\/hannekewesterop.nl\/index.php?rest_route=\/wp\/v2\/pages"}],"about":[{"href":"https:\/\/hannekewesterop.nl\/index.php?rest_route=\/wp\/v2\/types\/page"}],"author":[{"embeddable":true,"href":"https:\/\/hannekewesterop.nl\/index.php?rest_route=\/wp\/v2\/users\/3793"}],"replies":[{"embeddable":true,"href":"https:\/\/hannekewesterop.nl\/index.php?rest_route=%2Fwp%2Fv2%2Fcomments&post=29"}],"version-history":[{"count":42,"href":"https:\/\/hannekewesterop.nl\/index.php?rest_route=\/wp\/v2\/pages\/29\/revisions"}],"predecessor-version":[{"id":1478,"href":"https:\/\/hannekewesterop.nl\/index.php?rest_route=\/wp\/v2\/pages\/29\/revisions\/1478"}],"wp:attachment":[{"href":"https:\/\/hannekewesterop.nl\/index.php?rest_route=%2Fwp%2Fv2%2Fmedia&parent=29"}],"curies":[{"name":"wp","href":"https:\/\/api.w.org\/{rel}","templated":true}]}}